47299
What are the prime factors of 126692?
2, 19, 1667
List the prime factors of 238239.
3, 103, 257
What are the prime factors of 6400710?
2, 3, 5, 71119
What are the prime factors of 7564399?
521, 14519
What are the prime factors of 2833923?
3, 131, 7211
What are the prime factors of 11093821?
37, 41, 71, 103
What are the prime factors of 7643456?
2, 119429
List the prime factors of 630782.
2, 139, 2269
What are the prime factors of 1272323?
13, 97871
What are the prime factors of 1699260?
2, 3, 5, 127, 223
What are the prime factors of 758325?
3, 5, 10111
List the prime factors of 2452197.
3, 11, 19, 3911
What are the prime factors of 70721?
7, 10103
What are the prime factors of 5826383?
23, 253321
List the prime factors of 241496.
2, 30187
List the prime factors of 15285.
3, 5, 1019
What are the prime factors of 97711?
97711
What are the prime factors of 383292?
2, 3, 7, 13
What are the prime factors of 35137?
41, 857
List the prime factors of 11574388.
2, 7, 59053
List the prime factors of 135563.
31, 4373
List the prime factors of 361443.
3, 211, 571
What are the prime factors of 16171602?
2, 3, 2695267
List the prime factors of 14653369.
23, 37, 67, 257
What are the prime factors of 2252733?
3, 7, 107273
List the prime factors of 177353.
11, 23, 701
List the prime factors of 1728112.
2, 108007
List the prime factors of 23193184.
2, 7, 47, 2203
What are the prime factors of 15267?
3, 7, 727
What are the prime factors of 7077003?
3, 2359001
What are the prime factors of 158539?
23, 61, 113
What are the prime factors of 380076?
2, 3, 19, 1667
What are the prime factors of 35352943?
29, 839, 1453
List the prime factors of 2476410.
2, 3, 5, 23, 37, 97
What are the prime factors of 13059773?
29, 31, 73, 199
What are the prime factors of 1342687?
877, 1531
List the prime factors of 14426664.
2, 3, 7, 79, 1087
List the prime factors of 1237933.
47, 26339
What are the prime factors of 8065289?
8065289
What are the prime factors of 173268?
2, 3, 4813
What are the prime factors of 36208263?
3, 7, 13, 132631
What are the prime factors of 231773?
41, 5653
What are the prime factors of 4311147?
3, 1437049
What are the prime factors of 149999?
61, 2459
List the prime factors of 103023.
3, 11447
List the prime factors of 17758493.
431, 41203
List the prime factors of 4615.
5, 13, 71
What are the prime factors of 1088587?
251, 4337
What are the prime factors of 6776889?
3, 7, 322709
List the prime factors of 13327315.
5, 97, 27479
What are the prime factors of 4984134?
2, 3, 109, 7621
What are the prime factors of 25220684?
2, 6305171
What are the prime factors of 71837?
71837
List the prime factors of 20586071.
11, 1871461
List the prime factors of 18429284.
2, 43, 109, 983
What are the prime factors of 4927977?
3, 17, 31, 1039
What are the prime factors of 24461799?
3, 8153933
List the prime factors of 118771.
73, 1627
List the prime factors of 22023917.
37, 107, 5563
What are the prime factors of 139192?
2, 127, 137
What are the prime factors of 9802908?
2, 3, 317, 859
What are the prime factors of 783746?
2, 391873
What are the prime factors of 440846?
2, 7, 31489
What are the prime factors of 19690691?
23, 856117
What are the prime factors of 215291?
41, 59, 89
List the prime factors of 112905.
3, 5, 13, 193
List the prime factors of 22727694.
2, 3, 11, 37, 41, 227
List the prime factors of 999602.
2, 499801
What are the prime factors of 2767396?
2, 17, 40697
List the prime factors of 1561819.
7, 19, 11743
List the prime factors of 21443.
41, 523
List the prime factors of 10089473.
1657, 6089
What are the prime factors of 11100046?
2, 31, 179033
List the prime factors of 453089.
7, 13, 383
List the prime factors of 3713104.
2, 239, 971
What are the prime factors of 302203?
11, 83, 331
List the prime factors of 8938206.
2, 3, 29, 17123
List the prime factors of 8487485.
5, 89, 19073
What are the prime factors of 766727?
13, 58979
What are the prime factors of 629942?
2, 89, 3539
What are the prime factors of 184782?
2, 3, 13, 23, 103
What are the prime factors of 144896?
2, 283
What are the prime factors of 815124?
2, 3, 67927
What are the prime factors of 19532?
2, 19, 257
List the prime factors of 172661.
23, 7507
List the prime factors of 164401.
29, 5669
List the prime factors of 467089.
7, 53, 1259
What are the prime factors of 116255?
5, 23251
List the prime factors of 1543687.
1543687
List the prime factors of 21221686.
2, 23, 139, 3319
List the prime factors of 4733570.
2, 5, 59, 71, 113
List the prime factors of 8949362.
2, 73, 61297
List the prime factors of 30044.
2, 7, 29, 37
List the prime factors of 801263.
41, 19543
What are the prime factors of 112304?
2, 7019
What are the prime factors of 6812675?
5, 272507
What are the prime factors of 221434?
2, 53, 2089
What are the prime factors of 29232?
2, 3, 7, 29
What are the prime factors of 366385?
5, 73277
List the prime factors of 5715974.
2, 11, 41, 6337
What are the prime factors of 83795?
5, 16759
What are the prime factors of 1002338?
2, 151, 3319
What are the prime factors of 70932?
2, 3, 23, 257
List the prime factors of 737526.
2, 3, 122921
List the prime factors of 1195154.
2, 597577
What are the prime factors of 185894?
2, 41, 2267
What are the prime factors of 467754?
2, 3, 7, 37, 43
What are the prime factors of 72700?
2, 5, 727
List the prime factors of 11174764.
2, 2793691
List the prime factors of 33616757.
19, 37, 47819
List the prime factors of 15437189.
1451, 10639
What are the prime factors of 113983?
113983
List the prime factors of 81206.
2, 19, 2137
List the prime factors of 683640.
2, 3, 5, 211
What are the prime factors of 13826490?
2, 3, 5, 19, 127, 191
List the prime factors of 11491976.
2, 127, 11311
What are the prime factors of 3371063?
3371063
What are the prime factors of 1967237?
59, 33343
What are the prime factors of 21855523?
17, 1285619
List the prime factors of 183568.
2, 7, 11, 149
List the prime factors of 2682432.
2, 3, 4657
What are the prime factors of 337422?
2, 3, 56237
What are the prime factors of 372889?
11, 109, 311
List the prime factors of 28000.
2, 5, 7
List the prime factors of 541706.
2, 11, 24623
What are the prime factors of 542716?
2, 19, 37, 193
List the prime factors of 34261139.
11, 1741, 1789
What are the prime factors of 308950?
2, 5, 37, 167
What are the prime factors of 6757185?
3, 5, 450479
List the prime factors of 322880.
2, 5, 1009
List the prime factors of 195004.
2, 48751
What are the prime factors of 35574409?
13, 139, 19687
List the prime factors of 5520481.
283, 19507
List the prime factors of 512718.
2, 3, 85453
List the prime factors of 585593.
585593
What are the prime factors of 2945714?
2, 1472857
List the prime factors of 2652739.
1301, 2039
List the prime factors of 14482572.
2, 3, 13, 17, 43, 127
List the prime factors of 33573904.
2, 7, 13, 23059
What are the prime factors of 311440?
2, 5, 17, 229
What are the prime factors of 4058?
2, 2029
List the prime factors of 239584.
2, 7487
What are the prime factors of 1621521?
3, 11, 1489
What are the prime factors of 168841?
109, 1549
What are the prime factors of 183032?
2, 137, 167
What are the prime factors of 285912?
2, 3, 11, 19
What are the prime factors of 12581491?
13, 181, 5347
List the prime factors of 143315.
5, 28663
List the prime factors of 21733112.
2, 19, 142981
List the prime factors of 77946.
2, 3, 11, 1181
List the prime factors of 237161.
237161
What are the prime factors of 365911?
7, 13, 4021
List the prime factors of 15096586.
2, 7548293
What are the prime factors of 1832112?
2, 3, 4241
List the prime factors of 11539962.
2, 3, 7, 30529
What are the prime factors of 15970971?
3, 5323657
What are the prime factors of 2905531?
659, 4409
List the prime factors of 499352.
2, 7, 37, 241
What are the prime factors of 1912602?
2, 3, 17, 1103
What are the prime factors of 2575810?
2, 5, 179, 1439
What are the prime factors of 1573160?
2, 5, 67, 587
List the prime factors of 14327820.
2, 3, 5, 13, 157
List the prime factors of 239406.
2, 3, 39901
List the prime factors of 178875.
3, 5, 53
What are the prime factors of 394804?
2, 89, 1109
What are the prime factors of 367825?
5, 14713
List the prime factors of 5741354.
2, 769, 3733
List the prim